555 - 556. Let x(r) = -844*r**3 + 3*r**2 + 3*r. What is the tens digit of x(u)?
4
Let z(n) be the third derivative of 733*n**4/12 - 4*n**3/3 - 5*n**2 + 1. What is the thousands digit of z(1)?
1
Suppose 0 = 3*m - 25 + 7. Let s(k) = -k. Let o(b) = -b**2 - 4*b + 7. Let w(p) = -o(p) + 6*s(p). What is the units digit of w(m)?
7
Let o be (4033/45 + 20/(-90))*5. Let z = 83 + o. What is the units digit of z?
0
Let c(r) be the third derivative of 0*r**4 - 11*r**2 - 1/30*r**5 - 1/3*r**3 + 0*r + 0 - 1/120*r**6. What is the units digit of c(-3)?
7
Suppose -h + 4*k - 30 = 0, h + 30 = -7*k + 5*k. Let t = -25 - h. Suppose 2*u + 510 = t*u. What is the hundreds digit of u?
1
Let n be (98 - -42)*(-24)/(-14). Suppose -316 = -m + n. What is the hundreds digit of m?
5
Suppose -31*v + 125282 = -28137. What is the thousands digit of v?
4
Let i(v) = v**3 + 5*v**2 - 9*v + 17. Let q be i(-7). Let r(b) = b**2 + 20*b + 38. Let g be r(q). Suppose -f = -80 + g. What is the tens digit of f?
7
Let g(m) = -2 + 4*m - 5*m + 18. Let u be (-16*(-2)/(-36))/((-2)/9). What is the tens digit of g(u)?
1
Suppose -3*k = 6*z - 2*z - 115, z - 40 = -3*k. Suppose 5 = -5*b + z, b = m - 296. What is the tens digit of m?
0
Let w = -3210 - -5955. Suppose 43*o = 34*o + w. What is the hundreds digit of o?
3
Let n(m) be the third derivative of -m**6/120 - 11*m**5/30 - 11*m**4/8 + 3*m**3 + 64*m**2. What is the hundreds digit of n(-21)?
2
Suppose 0 = -4*y + j + 9350, 0 = -0*y - y + j + 2339. Let o = y + -941. What is the units digit of o?
6
Let k(x) = -1041*x + 198. What is the tens digit of k(-5)?
0
Let p be (-878)/(-12) + (-30)/180. Let y = p + 86. What is the tens digit of y?
5
Suppose 4*n = 12, -4*a + 0*n + 40 = -4*n. Suppose -209 = a*o - 14*o. Suppose 5*k - 3*d = 1035, -2*k - 5*d + 174 = -o. What is the units digit of k?
4
Let p(s) = 23*s - 263. What is the hundreds digit of p(30)?
4
Let m(o) = -2*o**3 - 3*o**2 - 6*o + 13. Let w = -117 + 111. What is the units digit of m(w)?
3
Let u(k) = 21*k**2 - 269*k - 56. What is the ten thousands digit of u(32)?
1
Let h be (1 - (0 - -1))/(0 + -1). Suppose 5*c + 2*o + 8 = 0, h = -c + 2*o + 2*o + 16. Suppose 0 = -c*y + 2*y + 2, 5*j - 2*y = 227. What is the tens digit of j?
4
Suppose -15 = 8*b - 13*b. Let v = 16 - 17. What is the units digit of (126/(-54))/(v/b)?
7
Suppose -3*f + 5*x = -0*x - 3199, 0 = 4*f - 4*x - 4260. Let m = f + -530. Let o = -317 + m. What is the units digit of o?
6
Let l = -292 + 265. What is the thousands digit of (l/(-9) + -6)*-342?
1
Let s(b) = 45*b**2 - 9*b + 8. Let f be s(-5). Suppose f = 6*c - 478. What is the hundreds digit of c?
2
Let y be (-5 - (-273 + 6))*-4. Let k = -353 - y. What is the tens digit of k?
9
Suppose 25 = z - 4*l, -3*z - l + 20 = 2*z. Suppose 0 = z*x + 3*w - 3, 6*w - 2 = 5*x + 4*w. Suppose x = -10*k + 18*k - 128. What is the units digit of k?
6
Let c be (3 - 15/6)*(6 + 394). Let x = c - 57. What is the hundreds digit of x?
1
Let k(v) = v**3 + 8*v**2 + 6*v - 1. Let q be k(-6). Suppose 4*z + 46*w = 43*w - 19, 3*w - 23 = 2*z. What is the tens digit of ((-150)/q)/(-10) + (-1012)/z?
4
Suppose 4*n - g - 13810 = 0, 3*n + g - 10353 = 4*g. What is the units digit of n?
3
Let z be 3989 - ((-2)/18 + 2288/(-468)). Let m = -2788 + z. What is the tens digit of m?
0
Let w(z) = 1011*z + 1. Let i = 54 + -53. Let b be w(i). What is the tens digit of b/18 + 2 + 8/(-36)?
5
Suppose -3*i = 4*x + 12, 2*x - i = -3*i - 8. Suppose 24*c - 109 = 11. Suppose c*l + l - 378 = x. What is the tens digit of l?
6
Suppose -10*z = -17*z + 2919. Let g = -36 - z. Let u = -256 - g. What is the tens digit of u?
9
Let w(v) = v**2 - 21*v + 123. What is the hundreds digit of w(0)?
1
Let o be (-37872)/(-64) - 1/(-4). Let i = o - 248. What is the hundreds digit of i?
3
Let z = -643 - -1317. Suppose q = 0, -f = -2*f - 3*q + z. What is the tens digit of f?
7
Let h = 2473 - 150. What is the thousands digit of h?
2
Let c be (-1 - (1 - 1))*(1 + -155). Let z = 52 + c. What is the tens digit of z?
0
Suppose 259*c = 279*c - 121740. What is the hundreds digit of c?
0
Suppose 2*z + 29 = 5*k, -4*z - 3*k = -3 - 4. Let d be ((-60)/(-8) - 3) + z/(-4). Suppose -r + 109 = -b, 2*b - 434 = -4*r + d*b. What is the hundreds digit of r?
1
Suppose 14*i + 97*i = 1351203. What is the hundreds digit of i?
1
Let i(n) = 190*n**2 + 34*n - 58. What is the ten thousands digit of i(20)?
7
Suppose 118 = 5*i - 2*p, 0 = -4*i - 3*p + 2*p + 84. Suppose 15*a + 2233 = i*a. What is the hundreds digit of a?
3
Let b = 9797 + -6405. What is the hundreds digit of b?
3
Suppose -14 + 22 = a. Suppose 10*q - a = 6*q. Suppose 2*k - 3*p = -3*k + 235, -p = q*k - 94. What is the tens digit of k?
4
Let b = 287 + -351. Let d = 74 - -4. Let k = b + d. What is the tens digit of k?
1
Let j(s) = s**3 - 14*s**2 - s + 19. Let v be j(14). Suppose k - 72 = -3*h + 86, 0 = k - v. Let w = 10 + h. What is the tens digit of w?
6
Let q(j) = j**2 + 26*j + 1195. Suppose -115 = 25*u - 115. What is the units digit of q(u)?
5
Let k = 3246 - 1846. Suppose 15*u = 10*u + k. What is the units digit of u?
0
Suppose j - 64570 = -10*j. What is the thousands digit of j?
5
Let p = 59679 - 36823. What is the units digit of p?
6
Let v = 332 + -332. Suppose v*f = 2*f - 3*a - 184, 3*f - 276 = -5*a. What is the units digit of f?
2
Suppose 8*b - 7*b = -4*l - 4766, 0 = 2*b - 4*l + 9556. What is the hundreds digit of 3/2*b/(-21)?
3
Suppose 25*p = 28*p + 1380. Let s = p + 789. What is the units digit of s?
9
Let k(y) = -y**2 + 4*y + 11718. Let q be k(0). Suppose 19*o = 12*o + q. What is the units digit of o?
4
Suppose -7*z = -5*z - 8. Let x be ((-8)/2)/(3090/775 - z). Suppose 4*p - n - 620 = -5*n, n + x = 2*p. What is the hundreds digit of p?
1
Let f(d) = 3*d**2 + 4*d + 59. Let s(c) = -c**2 + 7*c - 12. Let k be s(6). Let b be f(k). Suppose -3*j = -b - 136. What is the tens digit of j?
9
Let h(p) = 4*p + 1. Let i be h(8). Suppose 2*t = -9*t + i. What is the units digit of 16/t*(-663)/(-26)?
6
Let q(a) = a**2 + 12*a + 6. Let b be 6/12*(-22 - 0). Let f be q(b). What is the units digit of (-3)/2*f/(15/42)?
1
Let c = 68 - 116. Let h = 452 + c. What is the hundreds digit of h?
4
Let w be 4 - -1 - 535/(2 + 3). Suppose -2*p - 101 = -363. Let u = p + w. What is the units digit of u?
9
Let l = -156 + 116. What is the units digit of ((-30)/l)/(1/80)?
0
Let l(c) = -8 - 9 + 8 - 1 + 2*c. Let z be l(6). Suppose 3*x - 387 = -3*v - x, -z*v + 258 = -5*x. What is the hundreds digit of v?
1
Let b(m) = -15*m + 25. Let a be (44/(-6) - 6/(-18))/1. Let c(z) = -z**3 - 8*z**2 - 5*z + 7. Let g be c(a). What is the hundreds digit of b(g)?
1
Let q = -51 + 48. Let o be (485/q)/(((-18)/3)/(-54)). What is the units digit of o/(-18) + 3/18?
1
Suppose -46 = -5*j + 644. What is the tens digit of (j/4)/(((-15)/48)/(-5))?
5
Let j = -396 + 399. Suppose -2*o - 1523 = -j*m, -2*m + 231 = 4*o - 779. What is the units digit of m?
7
Let s = 94713 - 28433. What is the units digit of s?
0
Let w(d) = -d**2 - 16*d - 22. Let t be w(-13). Suppose 10*f + t*f - 2430 = 0. What is the units digit of f?
0
Let y = 381 - -135. Let m be (-16)/(-12)*y/8. Suppose -2*r + m = -212. What is the hundreds digit of r?
1
Suppose -6101 = 2*m - 19053. What is the tens digit of m?
7
Suppose -f = -5*y + 428 - 2075, -3*y - 4941 = -3*f. Suppose -f = -10*n + 1833. What is the units digit of n?
8
Suppose 3*i = -5*x - 448 + 4, 4*x + 366 = 3*i. Let m = x + 378. Suppose 0*g = g - m. What is the hundreds digit of g?
2
Let c(y) = y**3 - 29*y**2 + y + 5. Let w be c(29). Suppose -2*m + 4*h + w = -612, -651 = -2*m + 5*h. What is the hundreds digit of m?
3
Suppose -w = -5*o - 3735, -14231 - 4559 = -5*w + 2*o. What is the hundreds digit of w?
7
Let p = 7503 - 1990. What is the thousands digit of p?
5
Let m = -47 - -48. Let y(n) = 14*n - 1. Let s(l) = l. Let q(o) = 4*s(o) + y(o). What is the tens digit of q(m)?
1
Let t be (10/(-8))/((-1)/8). Let u = 13519 - 13500. What is the hundreds digit of (22/t)/(u/1805)?
2
Let a(m) = -42*m**2 - 14*m - 28. Let q(x) = -x**3 + 84*x**2 + 25*x + 55. Let b(h) = 5*a(h) + 2*q(h). What is the hundreds digit of b(-21)?
3
Suppose -5*r = 2*y + 281, 5*y - 5*r - 127 + 917 = 0. Let b be (y/2)/(8 - (-51)/(-6)). Let u = 354 - b. What is the hundreds digit of u?
2
What is the units digit of (-9)/(-15) - 